{"id":23460,"date":"2024-11-22T22:53:24","date_gmt":"2024-11-22T21:53:24","guid":{"rendered":"https:\/\/new.prim-hodinky.cz\/osobnost\/karolina-sramlova\/"},"modified":"2025-01-27T08:50:22","modified_gmt":"2025-01-27T07:50:22","slug":"karolina-sramlova","status":"publish","type":"osobnost","link":"https:\/\/new.prim-hodinky.cz\/sk\/osobnost\/karolina-sramlova\/","title":{"rendered":"Karol\u00edna \u0160ramlov\u00e1"},"content":{"rendered":"\n<div class=\"wp-block-media-text is-stacked-on-mobile\"><figure class=\"wp-block-media-text__media\"><img loading=\"lazy\" decoding=\"async\" width=\"960\" height=\"800\" src=\"https:\/\/new.prim-hodinky.cz\/wp-content\/uploads\/2024\/11\/KAROLINA-SRAMLOVA.webp\" alt=\"\" class=\"wp-image-17851 size-full\" srcset=\"https:\/\/new.prim-hodinky.cz\/wp-content\/uploads\/2024\/11\/KAROLINA-SRAMLOVA.webp 960w, https:\/\/new.prim-hodinky.cz\/wp-content\/uploads\/2024\/11\/KAROLINA-SRAMLOVA-300x250.webp 300w, https:\/\/new.prim-hodinky.cz\/wp-content\/uploads\/2024\/11\/KAROLINA-SRAMLOVA-768x640.webp 768w\" sizes=\"auto, (max-width: 960px) 100vw, 960px\" \/><\/figure><div class=\"wp-block-media-text__content\">\n<p>Blogerka, marketingov\u00e1 \u0161pecialistka a vicemajsterka sveta v \u0161portovom aerobiku.<\/p>\n\n\n\n<p><em>[\u201eSt\u00e1t se ambasadorkou zna\u010dky PRIM pro m\u011b znamen\u00e1 obrovskou poctu. K m\u00e9 pr\u00e1ci pat\u0159\u00ed cestov\u00e1n\u00ed a tak\u00e9 jsem \u017eila dlouho v zahrani\u010d\u00ed. To jsou d\u016fvody, pro\u010d si \u010desk\u00fdch zna\u010dek v\u00e1\u017e\u00edm s postupuj\u00edc\u00edm v\u011bkem a zku\u0161enostmi v\u00edce a v\u00edce. PRIM pro m\u011b p\u0159edstavuje kvalitu, historii a hlavn\u011b ryz\u00ed \u010de\u0161stv\u00ed a j\u00e1 jsem nesm\u00edrn\u011b vd\u011b\u010dn\u00e1, \u017ee mohu reprezentovat svoji zemi s n\u00e1dhern\u00fdmi hodinkami na ruce!]   <\/em><\/p>\n<\/div><\/div>\n","protected":false},"featured_media":0,"template":"","meta":{"_acf_changed":false},"taxonomie-pro-osobnost":[61],"class_list":["post-23460","osobnost","type-osobnost","status-publish","hentry","taxonomie-pro-osobnost-ambasador"],"acf":[],"_links":{"self":[{"href":"https:\/\/new.prim-hodinky.cz\/sk\/wp-json\/wp\/v2\/osobnost\/23460","targetHints":{"allow":["GET"]}}],"collection":[{"href":"https:\/\/new.prim-hodinky.cz\/sk\/wp-json\/wp\/v2\/osobnost"}],"about":[{"href":"https:\/\/new.prim-hodinky.cz\/sk\/wp-json\/wp\/v2\/types\/osobnost"}],"wp:attachment":[{"href":"https:\/\/new.prim-hodinky.cz\/sk\/wp-json\/wp\/v2\/media?parent=23460"}],"wp:term":[{"taxonomy":"taxonomie-pro-osobnost","embeddable":true,"href":"https:\/\/new.prim-hodinky.cz\/sk\/wp-json\/wp\/v2\/taxonomie-pro-osobnost?post=23460"}],"curies":[{"name":"wp","href":"https:\/\/api.w.org\/{rel}","templated":true}]}}

Karolína Šramlová

<div class="wp-block-media-text is-stacked-on-mobile"><figure class="wp-block-media-text__media"><img loading="lazy" decoding="async" width="960" height="800" src="https://new.prim-hodinky.cz/wp-content/uploads/2024/11/KAROLINA-SRAMLOVA.webp" alt="" class="wp-image-17851 size-full" srcset="https://new.prim-hodinky.cz/wp-content/uploads/2024/11/KAROLINA-SRAMLOVA.webp 960w, https://new.prim-hodinky.cz/wp-content/uploads/2024/11/KAROLINA-SRAMLOVA-300x250.webp 300w, https://new.prim-hodinky.cz/wp-content/uploads/2024/11/KAROLINA-SRAMLOVA-768x640.webp 768w" sizes="auto, (max-width: 960px) 100vw, 960px" /></figure><div class="wp-block-media-text__content">
<p>Blogerka, marketingová špecialistka a vicemajsterka sveta v športovom aerobiku.</p>



<p><em>[„Stát se ambasadorkou značky PRIM pro mě znamená obrovskou poctu. K mé práci patří cestování a také jsem žila dlouho v zahraničí. To jsou důvody, proč si českých značek vážím s postupujícím věkem a zkušenostmi více a více. PRIM pro mě představuje kvalitu, historii a hlavně ryzí češství a já jsem nesmírně vděčná, že mohu reprezentovat svoji zemi s nádhernými hodinkami na ruce!]   </em></p>
</div></div>
