{"id":23457,"date":"2024-11-22T22:51:50","date_gmt":"2024-11-22T21:51:50","guid":{"rendered":"https:\/\/new.prim-hodinky.cz\/osobnost\/libor-uher\/"},"modified":"2025-01-27T08:53:18","modified_gmt":"2025-01-27T07:53:18","slug":"libor-uher","status":"publish","type":"osobnost","link":"https:\/\/new.prim-hodinky.cz\/sk\/osobnost\/libor-uher\/","title":{"rendered":"Libor Uher"},"content":{"rendered":"\n<div class=\"wp-block-media-text is-stacked-on-mobile\"><figure class=\"wp-block-media-text__media\"><img loading=\"lazy\" decoding=\"async\" width=\"960\" height=\"800\" src=\"https:\/\/new.prim-hodinky.cz\/wp-content\/uploads\/2024\/11\/Libor-Uher.webp\" alt=\"\" class=\"wp-image-17781 size-full\" srcset=\"https:\/\/new.prim-hodinky.cz\/wp-content\/uploads\/2024\/11\/Libor-Uher.webp 960w, https:\/\/new.prim-hodinky.cz\/wp-content\/uploads\/2024\/11\/Libor-Uher-300x250.webp 300w, https:\/\/new.prim-hodinky.cz\/wp-content\/uploads\/2024\/11\/Libor-Uher-768x640.webp 768w\" sizes=\"auto, (max-width: 960px) 100vw, 960px\" \/><\/figure><div class=\"wp-block-media-text__content\">\n<p>Na\u0161im \u010fal\u0161\u00edm ambas\u00e1dorom hodiniek je zn\u00e1my \u010desk\u00fd horolezec Libor Uher.<\/p>\n\n\n\n<p>D\u0148a 20. j\u00fala 2007 v 13:45 SEL\u010c ako druh\u00fd \u010cech v hist\u00f3rii vyst\u00fapil na K2, druh\u00fa najvy\u0161\u0161iu horu sveta. V roku 2010 dok\u00e1zal behom 12 dn\u00ed vyst\u00fapi\u0165 na Ga\u0161erbrum II a Ga\u0161erbrum I. 25. 7. 2014 zdolal Broad Peak a stal sa tak prv\u00fdm \u010desk\u00fdm horolezcom, ktor\u00fd zdolal v\u0161etky \u0161tyri najvy\u0161\u0161ie vrcholy pohoria Karakoram.<\/p>\n\n\n\n<p>Medzi jeho kon\u00ed\u010dky patria extr\u00e9mne \u0161porty. Je \u010dlenom reprezenta\u010dn\u00e9ho teamu <em>Tilak\/Opavanet v Adventurerace<\/em> a majstrom republiky v extr\u00e9mnych pretekoch jednotlivcov <em>Jesenick\u00fd Tvrd\u00e1k<\/em>. <\/p>\n\n\n\n<p>Libor je ambas\u00e1dor <strong>PRIM Sport 300 M<\/strong>. Tie s\u00fa vytvoren\u00e9 hlavne pre skuto\u010dn\u00fdch \u0161portovcov. Hodinky boli testovan\u00e9 v realite, v naj\u0165a\u017e\u0161\u00edch podmienkach a to na <strong>6. najvy\u0161\u0161ej hore sveta Cho Oyu <\/strong>(8201 m.n.m). <\/p>\n\n\n\n<p>\u201e<em>Hodinky nos\u00edm st\u00e1le i po exped\u00edcii, a m\u00f4\u017eem ich v\u0161etk\u00fdm odporu\u010di\u0165!<\/em>\u201c<\/p>\n<\/div><\/div>\n","protected":false},"featured_media":0,"template":"","meta":{"_acf_changed":false},"taxonomie-pro-osobnost":[61],"class_list":["post-23457","osobnost","type-osobnost","status-publish","hentry","taxonomie-pro-osobnost-ambasador"],"acf":[],"_links":{"self":[{"href":"https:\/\/new.prim-hodinky.cz\/sk\/wp-json\/wp\/v2\/osobnost\/23457","targetHints":{"allow":["GET"]}}],"collection":[{"href":"https:\/\/new.prim-hodinky.cz\/sk\/wp-json\/wp\/v2\/osobnost"}],"about":[{"href":"https:\/\/new.prim-hodinky.cz\/sk\/wp-json\/wp\/v2\/types\/osobnost"}],"wp:attachment":[{"href":"https:\/\/new.prim-hodinky.cz\/sk\/wp-json\/wp\/v2\/media?parent=23457"}],"wp:term":[{"taxonomy":"taxonomie-pro-osobnost","embeddable":true,"href":"https:\/\/new.prim-hodinky.cz\/sk\/wp-json\/wp\/v2\/taxonomie-pro-osobnost?post=23457"}],"curies":[{"name":"wp","href":"https:\/\/api.w.org\/{rel}","templated":true}]}}

<div class="wp-block-media-text is-stacked-on-mobile"><figure class="wp-block-media-text__media"><img loading="lazy" decoding="async" width="960" height="800" src="https://new.prim-hodinky.cz/wp-content/uploads/2024/11/Libor-Uher.webp" alt="" class="wp-image-17781 size-full" srcset="https://new.prim-hodinky.cz/wp-content/uploads/2024/11/Libor-Uher.webp 960w, https://new.prim-hodinky.cz/wp-content/uploads/2024/11/Libor-Uher-300x250.webp 300w, https://new.prim-hodinky.cz/wp-content/uploads/2024/11/Libor-Uher-768x640.webp 768w" sizes="auto, (max-width: 960px) 100vw, 960px" /></figure><div class="wp-block-media-text__content">
<p>Našim ďalším ambasádorom hodiniek je známy český horolezec Libor Uher.</p>



<p>Dňa 20. júla 2007 v 13:45 SELČ ako druhý Čech v histórii vystúpil na K2, druhú najvyššiu horu sveta. V roku 2010 dokázal behom 12 dní vystúpiť na Gašerbrum II a Gašerbrum I. 25. 7. 2014 zdolal Broad Peak a stal sa tak prvým českým horolezcom, ktorý zdolal všetky štyri najvyššie vrcholy pohoria Karakoram.</p>



<p>Medzi jeho koníčky patria extrémne športy. Je členom reprezentačného teamu <em>Tilak/Opavanet v Adventurerace</em> a majstrom republiky v extrémnych pretekoch jednotlivcov <em>Jesenický Tvrdák</em>. </p>



<p>Libor je ambasádor <strong>PRIM Sport 300 M</strong>. Tie sú vytvorené hlavne pre skutočných športovcov. Hodinky boli testované v realite, v najťažších podmienkach a to na <strong>6. najvyššej hore sveta Cho Oyu </strong>(8201 m.n.m). </p>



<p>„<em>Hodinky nosím stále i po expedícii, a môžem ich všetkým odporučiť!</em>“</p>
</div></div>
