{"id":23454,"date":"2024-11-22T22:46:04","date_gmt":"2024-11-22T21:46:04","guid":{"rendered":"https:\/\/new.prim-hodinky.cz\/osobnost\/stefan-svitko\/"},"modified":"2025-01-27T07:44:13","modified_gmt":"2025-01-27T06:44:13","slug":"stefan-svitko","status":"publish","type":"osobnost","link":"https:\/\/new.prim-hodinky.cz\/sk\/osobnost\/stefan-svitko\/","title":{"rendered":"\u0160tefan Svitko"},"content":{"rendered":"\n<div class=\"wp-block-media-text is-stacked-on-mobile\"><figure class=\"wp-block-media-text__media\"><img loading=\"lazy\" decoding=\"async\" width=\"960\" height=\"800\" src=\"https:\/\/new.prim-hodinky.cz\/wp-content\/uploads\/2024\/11\/SVITKO.webp\" alt=\"\" class=\"wp-image-17956 size-full\" srcset=\"https:\/\/new.prim-hodinky.cz\/wp-content\/uploads\/2024\/11\/SVITKO.webp 960w, https:\/\/new.prim-hodinky.cz\/wp-content\/uploads\/2024\/11\/SVITKO-300x250.webp 300w, https:\/\/new.prim-hodinky.cz\/wp-content\/uploads\/2024\/11\/SVITKO-768x640.webp 768w\" sizes=\"auto, (max-width: 960px) 100vw, 960px\" \/><\/figure><div class=\"wp-block-media-text__content\">\n<p>Trojn\u00e1sobn\u00fd majster Eur\u00f3py a nieko\u013ekon\u00e1sobn\u00fd majster Slovenska v motokrose, na Rallye Dakar 2016 dosiahol na stupne v\u00ed\u0165azov a skvel\u00e9 2. miesto. <\/p>\n<\/div><\/div>\n","protected":false},"featured_media":0,"template":"","meta":{"_acf_changed":false},"taxonomie-pro-osobnost":[61],"class_list":["post-23454","osobnost","type-osobnost","status-publish","hentry","taxonomie-pro-osobnost-ambasador"],"acf":[],"_links":{"self":[{"href":"https:\/\/new.prim-hodinky.cz\/sk\/wp-json\/wp\/v2\/osobnost\/23454","targetHints":{"allow":["GET"]}}],"collection":[{"href":"https:\/\/new.prim-hodinky.cz\/sk\/wp-json\/wp\/v2\/osobnost"}],"about":[{"href":"https:\/\/new.prim-hodinky.cz\/sk\/wp-json\/wp\/v2\/types\/osobnost"}],"wp:attachment":[{"href":"https:\/\/new.prim-hodinky.cz\/sk\/wp-json\/wp\/v2\/media?parent=23454"}],"wp:term":[{"taxonomy":"taxonomie-pro-osobnost","embeddable":true,"href":"https:\/\/new.prim-hodinky.cz\/sk\/wp-json\/wp\/v2\/taxonomie-pro-osobnost?post=23454"}],"curies":[{"name":"wp","href":"https:\/\/api.w.org\/{rel}","templated":true}]}}

Štefan Svitko

<div class="wp-block-media-text is-stacked-on-mobile"><figure class="wp-block-media-text__media"><img loading="lazy" decoding="async" width="960" height="800" src="https://new.prim-hodinky.cz/wp-content/uploads/2024/11/SVITKO.webp" alt="" class="wp-image-17956 size-full" srcset="https://new.prim-hodinky.cz/wp-content/uploads/2024/11/SVITKO.webp 960w, https://new.prim-hodinky.cz/wp-content/uploads/2024/11/SVITKO-300x250.webp 300w, https://new.prim-hodinky.cz/wp-content/uploads/2024/11/SVITKO-768x640.webp 768w" sizes="auto, (max-width: 960px) 100vw, 960px" /></figure><div class="wp-block-media-text__content">
<p>Trojnásobný majster Európy a niekoľkonásobný majster Slovenska v motokrose, na Rallye Dakar 2016 dosiahol na stupne víťazov a skvelé 2. miesto. </p>
</div></div>
