{"id":23452,"date":"2024-11-22T22:42:14","date_gmt":"2024-11-22T21:42:14","guid":{"rendered":"https:\/\/new.prim-hodinky.cz\/osobnost\/ellen-martinkova\/"},"modified":"2025-01-27T09:09:41","modified_gmt":"2025-01-27T08:09:41","slug":"ellen-martinkova","status":"publish","type":"osobnost","link":"https:\/\/new.prim-hodinky.cz\/sk\/osobnost\/ellen-martinkova\/","title":{"rendered":"Ellen Martinkov\u00e1"},"content":{"rendered":"\n<div class=\"wp-block-media-text is-stacked-on-mobile\"><figure class=\"wp-block-media-text__media\"><img loading=\"lazy\" decoding=\"async\" width=\"960\" height=\"800\" src=\"https:\/\/new.prim-hodinky.cz\/wp-content\/uploads\/2024\/11\/ELLEN-MARTINKOVA.webp\" alt=\"\" class=\"wp-image-17741 size-full\" srcset=\"https:\/\/new.prim-hodinky.cz\/wp-content\/uploads\/2024\/11\/ELLEN-MARTINKOVA.webp 960w, https:\/\/new.prim-hodinky.cz\/wp-content\/uploads\/2024\/11\/ELLEN-MARTINKOVA-300x250.webp 300w, https:\/\/new.prim-hodinky.cz\/wp-content\/uploads\/2024\/11\/ELLEN-MARTINKOVA-768x640.webp 768w\" sizes=\"auto, (max-width: 960px) 100vw, 960px\" \/><\/figure><div class=\"wp-block-media-text__content\">\n<p>Pre n\u00e1s je Ellen najmlad\u0161\u00ed ambas\u00e1dor hodiniek PRIM.<\/p>\n\n\n\n<p>Hodinky PRIM s\u00fa pre deti puto, ktor\u00e9 ich bude sprev\u00e1dza\u0165 cel\u00fd \u017eivot. Tak ako to bolo v rokoch kedy PRIM vznikol, dne\u0161n\u00e1 gener\u00e1cie si pam\u00e4taj\u00fa cenovo dostupn\u00e9 PRIMky, ktor\u00e9 nosievali ich rodi\u010dia \u010di prarodi\u010dia. Preto je pre n\u00e1s d\u00f4le\u017eit\u00e9, udr\u017eiava\u0165 t\u00fato trad\u00edciu a budova\u0165 si tak puto u\u017e od ran\u00e9ho detstva.  <\/p>\n\n\n\n<p>Ellen je pre n\u00e1s skvel\u00fdm pr\u00edkladom, ke\u010f v 5 rokoch vie pozn\u00e1va\u0165 \u010das, je ve\u013emi v\u00fdre\u010dn\u00e1 a z\u00e1bavn\u00e1 a k tomu ju bav\u00ed street-dance.<\/p>\n\n\n\n<p>Pre\u010do si vybrala model PRIM-ky \u0160kol\u00e1k? Ako sama hovor\u00ed, <em>\u201emoja ob\u013e\u00faben\u00e1 farba je fialov\u00e1 alebo \u010derven\u00e1, a tie hodinky sa mi jednoducho p\u00e1\u010di.\u201c<\/em> V\u010faka jej v\u00fdre\u010dnosti, sme za\u010dali pripravova\u0165 novej kolekcie PRIM-ky na tento rok a vy sa budete ma\u0165 na \u010do te\u0161i\u0165. <\/p>\n<\/div><\/div>\n","protected":false},"featured_media":0,"template":"","meta":{"_acf_changed":false},"taxonomie-pro-osobnost":[61],"class_list":["post-23452","osobnost","type-osobnost","status-publish","hentry","taxonomie-pro-osobnost-ambasador"],"acf":[],"_links":{"self":[{"href":"https:\/\/new.prim-hodinky.cz\/sk\/wp-json\/wp\/v2\/osobnost\/23452","targetHints":{"allow":["GET"]}}],"collection":[{"href":"https:\/\/new.prim-hodinky.cz\/sk\/wp-json\/wp\/v2\/osobnost"}],"about":[{"href":"https:\/\/new.prim-hodinky.cz\/sk\/wp-json\/wp\/v2\/types\/osobnost"}],"wp:attachment":[{"href":"https:\/\/new.prim-hodinky.cz\/sk\/wp-json\/wp\/v2\/media?parent=23452"}],"wp:term":[{"taxonomy":"taxonomie-pro-osobnost","embeddable":true,"href":"https:\/\/new.prim-hodinky.cz\/sk\/wp-json\/wp\/v2\/taxonomie-pro-osobnost?post=23452"}],"curies":[{"name":"wp","href":"https:\/\/api.w.org\/{rel}","templated":true}]}}

Ellen Martinková

<div class="wp-block-media-text is-stacked-on-mobile"><figure class="wp-block-media-text__media"><img loading="lazy" decoding="async" width="960" height="800" src="https://new.prim-hodinky.cz/wp-content/uploads/2024/11/ELLEN-MARTINKOVA.webp" alt="" class="wp-image-17741 size-full" srcset="https://new.prim-hodinky.cz/wp-content/uploads/2024/11/ELLEN-MARTINKOVA.webp 960w, https://new.prim-hodinky.cz/wp-content/uploads/2024/11/ELLEN-MARTINKOVA-300x250.webp 300w, https://new.prim-hodinky.cz/wp-content/uploads/2024/11/ELLEN-MARTINKOVA-768x640.webp 768w" sizes="auto, (max-width: 960px) 100vw, 960px" /></figure><div class="wp-block-media-text__content">
<p>Pre nás je Ellen najmladší ambasádor hodiniek PRIM.</p>



<p>Hodinky PRIM sú pre deti puto, ktoré ich bude sprevádzať celý život. Tak ako to bolo v rokoch kedy PRIM vznikol, dnešná generácie si pamätajú cenovo dostupné PRIMky, ktoré nosievali ich rodičia či prarodičia. Preto je pre nás dôležité, udržiavať túto tradíciu a budovať si tak puto už od raného detstva.  </p>



<p>Ellen je pre nás skvelým príkladom, keď v 5 rokoch vie poznávať čas, je veľmi výrečná a zábavná a k tomu ju baví street-dance.</p>



<p>Prečo si vybrala model PRIM-ky Školák? Ako sama hovorí, <em>„moja obľúbená farba je fialová alebo červená, a tie hodinky sa mi jednoducho páči.“</em> Vďaka jej výrečnosti, sme začali pripravovať novej kolekcie PRIM-ky na tento rok a vy sa budete mať na čo tešiť. </p>
</div></div>
