{"id":23451,"date":"2024-11-22T22:39:43","date_gmt":"2024-11-22T21:39:43","guid":{"rendered":"https:\/\/new.prim-hodinky.cz\/osobnost\/dalibor-motejlek\/"},"modified":"2025-01-27T09:11:32","modified_gmt":"2025-01-27T08:11:32","slug":"dalibor-motejlek","status":"publish","type":"osobnost","link":"https:\/\/new.prim-hodinky.cz\/sk\/osobnost\/dalibor-motejlek\/","title":{"rendered":"Dalibor Motejlek"},"content":{"rendered":"\n<div class=\"wp-block-media-text is-stacked-on-mobile\"><figure class=\"wp-block-media-text__media\"><img loading=\"lazy\" decoding=\"async\" width=\"960\" height=\"800\" src=\"https:\/\/new.prim-hodinky.cz\/wp-content\/uploads\/2024\/11\/DALIBOR-MOTEJLEK-1.webp\" alt=\"\" class=\"wp-image-17686 size-full\" srcset=\"https:\/\/new.prim-hodinky.cz\/wp-content\/uploads\/2024\/11\/DALIBOR-MOTEJLEK-1.webp 960w, https:\/\/new.prim-hodinky.cz\/wp-content\/uploads\/2024\/11\/DALIBOR-MOTEJLEK-1-300x250.webp 300w, https:\/\/new.prim-hodinky.cz\/wp-content\/uploads\/2024\/11\/DALIBOR-MOTEJLEK-1-768x640.webp 768w\" sizes=\"auto, (max-width: 960px) 100vw, 960px\" \/><\/figure><div class=\"wp-block-media-text__content\">\n<p>N\u00e1\u0161 \u010fal\u0161\u00ed ambasador hodiniek je zn\u00e1my \u010desk\u00fd skokan na ly\u017eiach Dalibor Motejlek. B\u00fdval\u00fd pretek\u00e1r v skoku na ly\u017eiach a b\u00fdval\u00fd profesion\u00e1lny tren\u00e9r. Pre skokanov na ly\u017eiach je legendou skoku a vzor. Bol dr\u017eite\u013eom svetov\u00e9ho rekordu v skoku na ly\u017eiach v d\u013a\u017eke na 142 metrov v nemeckom Oberstdorfu, jeho najdlh\u0161\u00ed let bol v slovinskej Planici v roku 1969 \u2013 157 metrov.   <\/p>\n\n\n\n<p><em>\u201ePre\u010do m\u00e1m r\u00e1d hodinky PRIM?\u201c<\/em><\/p>\n\n\n\n<p><em>\u201ePrv\u00e1 spomienka na hodinky PRIM je, ke\u010f som v roku 1956 ukon\u010dil z\u00e1kladn\u00fa \u0161kolu a od otca som dostal hodinky PRIM. Druh\u00e1 spomienka je na roky 1963-1964 kedy som vyhral preteky v skoku na ly\u017eiach na umelej hmote v \u0160rutnove a ako cenu som dostal dekora\u010dn\u00e9 kuchynsk\u00e9 hodiny PRIM. Tretia spomienka je na rok 2014, kedy som k 50 ro\u010dn\u00e9mu v\u00fdro\u010diu od doby ke\u010f som sko\u010dil svetov\u00fd rekord v lete na ly\u017eiach v Oberstdorfu obdr\u017eal kr\u00e1sne hodinky PRIM od v\u00fdrobcu MPM-Quality Fr\u00fddek M\u00edstek. Hodinky PRIM s\u00fa origin\u00e1lne a spojuje sa tu \u010desk\u00fd v\u00fdrobok s trad\u00edciou a eleganciou. Preto fand\u00edm a propagujem hodinky PRIM od tejto firmy.\u201c    <\/em><\/p>\n<\/div><\/div>\n","protected":false},"featured_media":0,"template":"","meta":{"_acf_changed":false},"taxonomie-pro-osobnost":[61],"class_list":["post-23451","osobnost","type-osobnost","status-publish","hentry","taxonomie-pro-osobnost-ambasador"],"acf":[],"_links":{"self":[{"href":"https:\/\/new.prim-hodinky.cz\/sk\/wp-json\/wp\/v2\/osobnost\/23451","targetHints":{"allow":["GET"]}}],"collection":[{"href":"https:\/\/new.prim-hodinky.cz\/sk\/wp-json\/wp\/v2\/osobnost"}],"about":[{"href":"https:\/\/new.prim-hodinky.cz\/sk\/wp-json\/wp\/v2\/types\/osobnost"}],"wp:attachment":[{"href":"https:\/\/new.prim-hodinky.cz\/sk\/wp-json\/wp\/v2\/media?parent=23451"}],"wp:term":[{"taxonomy":"taxonomie-pro-osobnost","embeddable":true,"href":"https:\/\/new.prim-hodinky.cz\/sk\/wp-json\/wp\/v2\/taxonomie-pro-osobnost?post=23451"}],"curies":[{"name":"wp","href":"https:\/\/api.w.org\/{rel}","templated":true}]}}

<div class="wp-block-media-text is-stacked-on-mobile"><figure class="wp-block-media-text__media"><img loading="lazy" decoding="async" width="960" height="800" src="https://new.prim-hodinky.cz/wp-content/uploads/2024/11/DALIBOR-MOTEJLEK-1.webp" alt="" class="wp-image-17686 size-full" srcset="https://new.prim-hodinky.cz/wp-content/uploads/2024/11/DALIBOR-MOTEJLEK-1.webp 960w, https://new.prim-hodinky.cz/wp-content/uploads/2024/11/DALIBOR-MOTEJLEK-1-300x250.webp 300w, https://new.prim-hodinky.cz/wp-content/uploads/2024/11/DALIBOR-MOTEJLEK-1-768x640.webp 768w" sizes="auto, (max-width: 960px) 100vw, 960px" /></figure><div class="wp-block-media-text__content">
<p>Náš ďalší ambasador hodiniek je známy český skokan na lyžiach Dalibor Motejlek. Bývalý pretekár v skoku na lyžiach a bývalý profesionálny trenér. Pre skokanov na lyžiach je legendou skoku a vzor. Bol držiteľom svetového rekordu v skoku na lyžiach v dĺžke na 142 metrov v nemeckom Oberstdorfu, jeho najdlhší let bol v slovinskej Planici v roku 1969 – 157 metrov.   </p>



<p><em>„Prečo mám rád hodinky PRIM?“</em></p>



<p><em>„Prvá spomienka na hodinky PRIM je, keď som v roku 1956 ukončil základnú školu a od otca som dostal hodinky PRIM. Druhá spomienka je na roky 1963-1964 kedy som vyhral preteky v skoku na lyžiach na umelej hmote v Šrutnove a ako cenu som dostal dekoračné kuchynské hodiny PRIM. Tretia spomienka je na rok 2014, kedy som k 50 ročnému výročiu od doby keď som skočil svetový rekord v lete na lyžiach v Oberstdorfu obdržal krásne hodinky PRIM od výrobcu MPM-Quality Frýdek Místek. Hodinky PRIM sú originálne a spojuje sa tu český výrobok s tradíciou a eleganciou. Preto fandím a propagujem hodinky PRIM od tejto firmy.“    </em></p>
</div></div>
