{"id":23449,"date":"2024-11-22T22:25:51","date_gmt":"2024-11-22T21:25:51","guid":{"rendered":"https:\/\/new.prim-hodinky.cz\/osobnost\/lukas-hojdan\/"},"modified":"2025-01-27T09:13:07","modified_gmt":"2025-01-27T08:13:07","slug":"lukas-hojdan","status":"publish","type":"osobnost","link":"https:\/\/new.prim-hodinky.cz\/sk\/osobnost\/lukas-hojdan\/","title":{"rendered":"Luk\u00e1\u0161 Hojdan"},"content":{"rendered":"\n<div class=\"wp-block-media-text is-stacked-on-mobile\"><figure class=\"wp-block-media-text__media\"><img loading=\"lazy\" decoding=\"async\" width=\"960\" height=\"800\" src=\"https:\/\/new.prim-hodinky.cz\/wp-content\/uploads\/2024\/11\/L-HOJDAN.webp\" alt=\"\" class=\"wp-image-17971 size-full\" srcset=\"https:\/\/new.prim-hodinky.cz\/wp-content\/uploads\/2024\/11\/L-HOJDAN.webp 960w, https:\/\/new.prim-hodinky.cz\/wp-content\/uploads\/2024\/11\/L-HOJDAN-300x250.webp 300w, https:\/\/new.prim-hodinky.cz\/wp-content\/uploads\/2024\/11\/L-HOJDAN-768x640.webp 768w\" sizes=\"auto, (max-width: 960px) 100vw, 960px\" \/><\/figure><div class=\"wp-block-media-text__content\">\n<p>Od mala som \u201etrpel\u201c zv\u00fd\u0161enou pohybovou aktivitou. T\u00e1 ma cez najr\u00f4znej\u0161ie \u0161porty doviedla a\u017e k tancu, ktor\u00e9mu sa venujem u\u017e od 7 rokov. Za\u010diatky m\u00f4jho tane\u010dn\u00e9ho sna\u017eenia neboli v\u00f4bec \u013eahk\u00e9. Zlom nastal o nie\u010do nesk\u00f4r. Pri\u0161la zmena tane\u010dnej partnerky, klubu, tr\u00e9nerov. Tanec ma pohltil a stal sa s\u00fa\u010das\u0165ou mojej osobnosti. V\u00fdsledky v s\u00fa\u0165a\u017eiach nedali na seba dlho \u010daka\u0165.      <\/p>\n\n\n\n<p>Prv\u00fd ve\u013ek\u00fd \u00faspech pri\u0161iel v roku 2005 na Majstrovstv\u00e1ch republiky, kde sme si s partnerkou vytancovali 3. miesto v kateg\u00f3rii Ml\u00e1de\u017e latinskoamerick\u00fdch tancov. V roku 2010 som dostal ponuku na \u00fa\u010dinkovanie v telev\u00edznom programe StarDance, ke\u010f hviezdy tancuj\u00fa, kde som sprev\u00e1dzal here\u010dku Jitku \u010cvan\u010darov\u00fa. \u010ealej som patril do tane\u010dnej skupiny DanceCoolCrew, s ktorou sme boli v roku 2016 vo fin\u00e1le telev\u00edznej s\u00fa\u0165a\u017ee \u010ceskoslovensko m\u00e1 talent.   <\/p>\n\n\n\n<p>Zatia\u013e posledn\u00e1 a tie\u017e jedna z najsilnej\u0161\u00edch sk\u00fasenost\u00ed bola \u00fa\u010das\u0165 v rel\u00e1cii Let\u2019s dance v telev\u00edzii Mark\u00edza. Tu bola mojou partnerkou nezabudnute\u013en\u00e1 Eva Kramerov\u00e1, alias Evelyn, s ktorou sme sa pretancovali tesne pred br\u00e1ny fin\u00e1le. <\/p>\n\n\n\n<p>www.lukashojdan.com<\/p>\n<\/div><\/div>\n","protected":false},"featured_media":0,"template":"","meta":{"_acf_changed":false},"taxonomie-pro-osobnost":[61],"class_list":["post-23449","osobnost","type-osobnost","status-publish","hentry","taxonomie-pro-osobnost-ambasador"],"acf":[],"_links":{"self":[{"href":"https:\/\/new.prim-hodinky.cz\/sk\/wp-json\/wp\/v2\/osobnost\/23449","targetHints":{"allow":["GET"]}}],"collection":[{"href":"https:\/\/new.prim-hodinky.cz\/sk\/wp-json\/wp\/v2\/osobnost"}],"about":[{"href":"https:\/\/new.prim-hodinky.cz\/sk\/wp-json\/wp\/v2\/types\/osobnost"}],"wp:attachment":[{"href":"https:\/\/new.prim-hodinky.cz\/sk\/wp-json\/wp\/v2\/media?parent=23449"}],"wp:term":[{"taxonomy":"taxonomie-pro-osobnost","embeddable":true,"href":"https:\/\/new.prim-hodinky.cz\/sk\/wp-json\/wp\/v2\/taxonomie-pro-osobnost?post=23449"}],"curies":[{"name":"wp","href":"https:\/\/api.w.org\/{rel}","templated":true}]}}

Lukáš Hojdan

<div class="wp-block-media-text is-stacked-on-mobile"><figure class="wp-block-media-text__media"><img loading="lazy" decoding="async" width="960" height="800" src="https://new.prim-hodinky.cz/wp-content/uploads/2024/11/L-HOJDAN.webp" alt="" class="wp-image-17971 size-full" srcset="https://new.prim-hodinky.cz/wp-content/uploads/2024/11/L-HOJDAN.webp 960w, https://new.prim-hodinky.cz/wp-content/uploads/2024/11/L-HOJDAN-300x250.webp 300w, https://new.prim-hodinky.cz/wp-content/uploads/2024/11/L-HOJDAN-768x640.webp 768w" sizes="auto, (max-width: 960px) 100vw, 960px" /></figure><div class="wp-block-media-text__content">
<p>Od mala som „trpel“ zvýšenou pohybovou aktivitou. Tá ma cez najrôznejšie športy doviedla až k tancu, ktorému sa venujem už od 7 rokov. Začiatky môjho tanečného snaženia neboli vôbec ľahké. Zlom nastal o niečo neskôr. Prišla zmena tanečnej partnerky, klubu, trénerov. Tanec ma pohltil a stal sa súčasťou mojej osobnosti. Výsledky v súťažiach nedali na seba dlho čakať.      </p>



<p>Prvý veľký úspech prišiel v roku 2005 na Majstrovstvách republiky, kde sme si s partnerkou vytancovali 3. miesto v kategórii Mládež latinskoamerických tancov. V roku 2010 som dostal ponuku na účinkovanie v televíznom programe StarDance, keď hviezdy tancujú, kde som sprevádzal herečku Jitku Čvančarovú. Ďalej som patril do tanečnej skupiny DanceCoolCrew, s ktorou sme boli v roku 2016 vo finále televíznej súťaže Československo má talent.   </p>



<p>Zatiaľ posledná a tiež jedna z najsilnejších skúseností bola účasť v relácii Let’s dance v televízii Markíza. Tu bola mojou partnerkou nezabudnuteľná Eva Kramerová, alias Evelyn, s ktorou sme sa pretancovali tesne pred brány finále. </p>



<p>www.lukashojdan.com</p>
</div></div>
