{"id":23485,"date":"2024-11-22T22:25:51","date_gmt":"2024-11-22T21:25:51","guid":{"rendered":"https:\/\/new.prim-hodinky.cz\/osobnost\/lukas-hojdan\/"},"modified":"2025-01-27T09:13:07","modified_gmt":"2025-01-27T08:13:07","slug":"lukas-hojdan","status":"publish","type":"osobnost","link":"https:\/\/new.prim-hodinky.cz\/pl\/osobnost\/lukas-hojdan\/","title":{"rendered":"Luk\u00e1\u0161 Hojdan"},"content":{"rendered":"\n<div class=\"wp-block-media-text is-stacked-on-mobile\"><figure class=\"wp-block-media-text__media\"><img loading=\"lazy\" decoding=\"async\" width=\"960\" height=\"800\" src=\"https:\/\/new.prim-hodinky.cz\/wp-content\/uploads\/2024\/11\/L-HOJDAN.webp\" alt=\"\" class=\"wp-image-17971 size-full\" srcset=\"https:\/\/new.prim-hodinky.cz\/wp-content\/uploads\/2024\/11\/L-HOJDAN.webp 960w, https:\/\/new.prim-hodinky.cz\/wp-content\/uploads\/2024\/11\/L-HOJDAN-300x250.webp 300w, https:\/\/new.prim-hodinky.cz\/wp-content\/uploads\/2024\/11\/L-HOJDAN-768x640.webp 768w\" sizes=\"auto, (max-width: 960px) 100vw, 960px\" \/><\/figure><div class=\"wp-block-media-text__content\">\n<p>Ju\u017c jako ma\u0142e dziecko bardzo lubi\u0142em aktywnie sp\u0119dza\u0107 czas. Pr\u00f3bowa\u0142em r\u00f3\u017cnych dziedzin sportowych ale najbardziej spodoba\u0142 mi si\u0119 taniec towarzyski, kt\u00f3rym zajmuj\u0119 od 7 roku \u017cycia. Pocz\u0105tki taneczne nie by\u0142y wcale \u0142atwe. Zmiana nast\u0105pi\u0142a nieco p\u00f3\u017aniej, kiedy zmieni\u0142em partnerk\u0119 taneczn\u0105, klub i trener\u00f3w. Na wyniki nie trzeba by\u0142o d\u0142ugo czeka\u0107.      <\/p>\n\n\n\n<p>Pierwszy du\u017cy sukces odnios\u0142em w 2005 r. na Mistrzostwach Czech, gdzie wsp\u00f3lnie z partnerk\u0105, zaj\u0119li\u015bmy 3 miejsce w m\u0142odzie\u017cowej klasie latynoameryka\u0144skiej. W 2010 roku otrzyma\u0142em propozycj\u0119 uczestniczenia w telewizyjnym programie \u201eTaniec z gwiazdami\u201d Towarzyszy\u0142em aktorce Jitce \u010cvan\u010darov\u00e1. Nale\u017ca\u0142em r\u00f3wnie\u017c do grupy tanecznej DanceCoolCrew, z kt\u00f3r\u0105 byli\u015bmy w finale programu telewizyjnego \u201eMam talent\u201d w 2016 roku.   <\/p>\n\n\n\n<p>Ostatnim i zarazem jednym z najsilniejszych do\u015bwiadcze\u0144 by\u0142 udzia\u0142 w programie \u201eLet\u2019s dance\u201d w s\u0142owackiej TV Mark\u00edza. Moj\u0105 niezapomnian\u0105 partnerk\u0105 by\u0142a wtedy Eva Kramer, znana tak\u017ce jako Evelyn, z kt\u00f3r\u0105 dotarli\u015bmy do \u0107wier\u0107fina\u0142u.<br\/><br\/><br\/>\u201eTylko w ta\u0144cu czas ginie w niesko\u0144czono\u015bci. Na reszt\u0119 mam PRIM\u201d. <\/p>\n\n\n\n<p>www.lukashojdan.com<\/p>\n<\/div><\/div>\n","protected":false},"featured_media":0,"template":"","meta":{"_acf_changed":false},"taxonomie-pro-osobnost":[61],"class_list":["post-23485","osobnost","type-osobnost","status-publish","hentry","taxonomie-pro-osobnost-ambasador"],"acf":[],"_links":{"self":[{"href":"https:\/\/new.prim-hodinky.cz\/pl\/wp-json\/wp\/v2\/osobnost\/23485","targetHints":{"allow":["GET"]}}],"collection":[{"href":"https:\/\/new.prim-hodinky.cz\/pl\/wp-json\/wp\/v2\/osobnost"}],"about":[{"href":"https:\/\/new.prim-hodinky.cz\/pl\/wp-json\/wp\/v2\/types\/osobnost"}],"wp:attachment":[{"href":"https:\/\/new.prim-hodinky.cz\/pl\/wp-json\/wp\/v2\/media?parent=23485"}],"wp:term":[{"taxonomy":"taxonomie-pro-osobnost","embeddable":true,"href":"https:\/\/new.prim-hodinky.cz\/pl\/wp-json\/wp\/v2\/taxonomie-pro-osobnost?post=23485"}],"curies":[{"name":"wp","href":"https:\/\/api.w.org\/{rel}","templated":true}]}}

Lukáš Hojdan

<div class="wp-block-media-text is-stacked-on-mobile"><figure class="wp-block-media-text__media"><img loading="lazy" decoding="async" width="960" height="800" src="https://new.prim-hodinky.cz/wp-content/uploads/2024/11/L-HOJDAN.webp" alt="" class="wp-image-17971 size-full" srcset="https://new.prim-hodinky.cz/wp-content/uploads/2024/11/L-HOJDAN.webp 960w, https://new.prim-hodinky.cz/wp-content/uploads/2024/11/L-HOJDAN-300x250.webp 300w, https://new.prim-hodinky.cz/wp-content/uploads/2024/11/L-HOJDAN-768x640.webp 768w" sizes="auto, (max-width: 960px) 100vw, 960px" /></figure><div class="wp-block-media-text__content">
<p>Już jako małe dziecko bardzo lubiłem aktywnie spędzać czas. Próbowałem różnych dziedzin sportowych ale najbardziej spodobał mi się taniec towarzyski, którym zajmuję od 7 roku życia. Początki taneczne nie były wcale łatwe. Zmiana nastąpiła nieco później, kiedy zmieniłem partnerkę taneczną, klub i trenerów. Na wyniki nie trzeba było długo czekać.      </p>



<p>Pierwszy duży sukces odniosłem w 2005 r. na Mistrzostwach Czech, gdzie wspólnie z partnerką, zajęliśmy 3 miejsce w młodzieżowej klasie latynoamerykańskiej. W 2010 roku otrzymałem propozycję uczestniczenia w telewizyjnym programie „Taniec z gwiazdami” Towarzyszyłem aktorce Jitce Čvančarová. Należałem również do grupy tanecznej DanceCoolCrew, z którą byliśmy w finale programu telewizyjnego „Mam talent” w 2016 roku.   </p>



<p>Ostatnim i zarazem jednym z najsilniejszych doświadczeń był udział w programie „Let’s dance” w słowackiej TV Markíza. Moją niezapomnianą partnerką była wtedy Eva Kramer, znana także jako Evelyn, z którą dotarliśmy do ćwierćfinału.<br/><br/><br/>„Tylko w tańcu czas ginie w nieskończoności. Na resztę mam PRIM”. </p>



<p>www.lukashojdan.com</p>
</div></div>
