{"id":23482,"date":"2024-11-22T22:39:43","date_gmt":"2024-11-22T21:39:43","guid":{"rendered":"https:\/\/new.prim-hodinky.cz\/osobnost\/dalibor-motejlek\/"},"modified":"2025-01-27T09:11:32","modified_gmt":"2025-01-27T08:11:32","slug":"dalibor-motejlek","status":"publish","type":"osobnost","link":"https:\/\/new.prim-hodinky.cz\/pl\/osobnost\/dalibor-motejlek\/","title":{"rendered":"Dalibor Motejlek"},"content":{"rendered":"\n<div class=\"wp-block-media-text is-stacked-on-mobile\"><figure class=\"wp-block-media-text__media\"><img loading=\"lazy\" decoding=\"async\" width=\"960\" height=\"800\" src=\"https:\/\/new.prim-hodinky.cz\/wp-content\/uploads\/2024\/11\/DALIBOR-MOTEJLEK-1.webp\" alt=\"\" class=\"wp-image-17686 size-full\" srcset=\"https:\/\/new.prim-hodinky.cz\/wp-content\/uploads\/2024\/11\/DALIBOR-MOTEJLEK-1.webp 960w, https:\/\/new.prim-hodinky.cz\/wp-content\/uploads\/2024\/11\/DALIBOR-MOTEJLEK-1-300x250.webp 300w, https:\/\/new.prim-hodinky.cz\/wp-content\/uploads\/2024\/11\/DALIBOR-MOTEJLEK-1-768x640.webp 768w\" sizes=\"auto, (max-width: 960px) 100vw, 960px\" \/><\/figure><div class=\"wp-block-media-text__content\">\n<p>Nasz nast\u0119pny ambasador zegark\u00f3w to Dalibor Motejlek-by\u0142y skoczek narciarski i trener. Dla skoczk\u00f3w narciarskich jest to cz\u0142owek-leganda. Ustanowi\u0142 rekord \u015bwiata na skoczni w Obersdorfie skacz\u0105c 142 m. Jednak jego najd\u0142u\u017cszym skokiem jest odelg\u0142o\u015b\u0107 157 m, kt\u00f3re uzyska\u0142 w s\u0142owe\u0144skiej Planicy w roku 1969.   <\/p>\n\n\n\n<p><em>\u201eDlaczego kocham zegarki PRIM?\u201c<\/em><\/p>\n\n\n\n<p><em>\u201ePierwsze wspomnienie zegark\u00f3w PRIM wi\u0105\u017ce si\u0119 z uko\u0144czeniem szko\u0142y w roku 1956 Otrzyma\u0142em wtedy zegarek tej marki od mojego ojca. Drugie wspomnienie to lata 1963-1964, kiedy wygra\u0142em konkurs na skoczni w Srutnove i otrzyma\u0142em kuchenny zegar marki PRIM. Kolejnym wspomieniem to rok 2014, kiedy dosta\u0142em pi\u0119kny model zegarka Prim od jego producenta MPM-Quality by uhonorowa\u0107 50 rocznic\u0119 uzyskania rekordu \u015bwiata w skokach narciarskich w Obersdorfie. Zegarki PRIM s\u0105 oryginalne i \u0142\u0105cz\u0105 czeski produkt z tradycj\u0105 i elegancj\u0105. Dlatego jestm fanem i ambasadorem tej marki.\u201c    <\/em><\/p>\n<\/div><\/div>\n","protected":false},"featured_media":0,"template":"","meta":{"_acf_changed":false},"taxonomie-pro-osobnost":[61],"class_list":["post-23482","osobnost","type-osobnost","status-publish","hentry","taxonomie-pro-osobnost-ambasador"],"acf":[],"_links":{"self":[{"href":"https:\/\/new.prim-hodinky.cz\/pl\/wp-json\/wp\/v2\/osobnost\/23482","targetHints":{"allow":["GET"]}}],"collection":[{"href":"https:\/\/new.prim-hodinky.cz\/pl\/wp-json\/wp\/v2\/osobnost"}],"about":[{"href":"https:\/\/new.prim-hodinky.cz\/pl\/wp-json\/wp\/v2\/types\/osobnost"}],"wp:attachment":[{"href":"https:\/\/new.prim-hodinky.cz\/pl\/wp-json\/wp\/v2\/media?parent=23482"}],"wp:term":[{"taxonomy":"taxonomie-pro-osobnost","embeddable":true,"href":"https:\/\/new.prim-hodinky.cz\/pl\/wp-json\/wp\/v2\/taxonomie-pro-osobnost?post=23482"}],"curies":[{"name":"wp","href":"https:\/\/api.w.org\/{rel}","templated":true}]}}

<div class="wp-block-media-text is-stacked-on-mobile"><figure class="wp-block-media-text__media"><img loading="lazy" decoding="async" width="960" height="800" src="https://new.prim-hodinky.cz/wp-content/uploads/2024/11/DALIBOR-MOTEJLEK-1.webp" alt="" class="wp-image-17686 size-full" srcset="https://new.prim-hodinky.cz/wp-content/uploads/2024/11/DALIBOR-MOTEJLEK-1.webp 960w, https://new.prim-hodinky.cz/wp-content/uploads/2024/11/DALIBOR-MOTEJLEK-1-300x250.webp 300w, https://new.prim-hodinky.cz/wp-content/uploads/2024/11/DALIBOR-MOTEJLEK-1-768x640.webp 768w" sizes="auto, (max-width: 960px) 100vw, 960px" /></figure><div class="wp-block-media-text__content">
<p>Nasz następny ambasador zegarków to Dalibor Motejlek-były skoczek narciarski i trener. Dla skoczków narciarskich jest to człowek-leganda. Ustanowił rekord świata na skoczni w Obersdorfie skacząc 142 m. Jednak jego najdłuższym skokiem jest odelgłość 157 m, które uzyskał w słoweńskiej Planicy w roku 1969.   </p>



<p><em>„Dlaczego kocham zegarki PRIM?“</em></p>



<p><em>„Pierwsze wspomnienie zegarków PRIM wiąże się z ukończeniem szkoły w roku 1956 Otrzymałem wtedy zegarek tej marki od mojego ojca. Drugie wspomnienie to lata 1963-1964, kiedy wygrałem konkurs na skoczni w Srutnove i otrzymałem kuchenny zegar marki PRIM. Kolejnym wspomieniem to rok 2014, kiedy dostałem piękny model zegarka Prim od jego producenta MPM-Quality by uhonorować 50 rocznicę uzyskania rekordu świata w skokach narciarskich w Obersdorfie. Zegarki PRIM są oryginalne i łączą czeski produkt z tradycją i elegancją. Dlatego jestm fanem i ambasadorem tej marki.“    </em></p>
</div></div>
