{"id":23474,"date":"2024-11-22T22:44:48","date_gmt":"2024-11-22T21:44:48","guid":{"rendered":"https:\/\/new.prim-hodinky.cz\/osobnost\/petr-krpec\/"},"modified":"2025-01-27T09:06:43","modified_gmt":"2025-01-27T08:06:43","slug":"petr-krpec","status":"publish","type":"osobnost","link":"https:\/\/new.prim-hodinky.cz\/pl\/osobnost\/petr-krpec\/","title":{"rendered":"Petr Krpec"},"content":{"rendered":"\n<div class=\"wp-block-media-text is-stacked-on-mobile\"><figure class=\"wp-block-media-text__media\"><img loading=\"lazy\" decoding=\"async\" width=\"960\" height=\"800\" src=\"https:\/\/new.prim-hodinky.cz\/wp-content\/uploads\/2024\/11\/KRPEC-PETR-1.webp\" alt=\"\" class=\"wp-image-17736 size-full\" srcset=\"https:\/\/new.prim-hodinky.cz\/wp-content\/uploads\/2024\/11\/KRPEC-PETR-1.webp 960w, https:\/\/new.prim-hodinky.cz\/wp-content\/uploads\/2024\/11\/KRPEC-PETR-1-300x250.webp 300w, https:\/\/new.prim-hodinky.cz\/wp-content\/uploads\/2024\/11\/KRPEC-PETR-1-768x640.webp 768w\" sizes=\"auto, (max-width: 960px) 100vw, 960px\" \/><\/figure><div class=\"wp-block-media-text__content\">\n<p>Walaszski Browar w Kozlovicach zosta\u0142 za\u0142o\u017cony w roku 2008. Pan Petr pracuje tu od 2012 roku. <\/p>\n\n\n\n<p>W 2015 roku jego receptura piwa o nazwie TURYSTA osi\u0105gn\u0119\u0142a w konkurencji ponad 200 pr\u00f3bek 1 miejsce w kategorii 10 \u00b0 piwa. Ambasador zegark\u00f3w PRIM \u0160edes\u00e1tky powiedzia\u0142 nam: \u201e<em>Lubi\u0119 nosi\u0107 zegarki PRIM, kt\u00f3re s\u0105 bardzo wytrzyma\u0142e zar\u00f3wno w pracy jak i \u017cyciu osobistym.<\/em>\u201d  <\/p>\n<\/div><\/div>\n","protected":false},"featured_media":0,"template":"","meta":{"_acf_changed":false},"taxonomie-pro-osobnost":[61],"class_list":["post-23474","osobnost","type-osobnost","status-publish","hentry","taxonomie-pro-osobnost-ambasador"],"acf":[],"_links":{"self":[{"href":"https:\/\/new.prim-hodinky.cz\/pl\/wp-json\/wp\/v2\/osobnost\/23474","targetHints":{"allow":["GET"]}}],"collection":[{"href":"https:\/\/new.prim-hodinky.cz\/pl\/wp-json\/wp\/v2\/osobnost"}],"about":[{"href":"https:\/\/new.prim-hodinky.cz\/pl\/wp-json\/wp\/v2\/types\/osobnost"}],"wp:attachment":[{"href":"https:\/\/new.prim-hodinky.cz\/pl\/wp-json\/wp\/v2\/media?parent=23474"}],"wp:term":[{"taxonomy":"taxonomie-pro-osobnost","embeddable":true,"href":"https:\/\/new.prim-hodinky.cz\/pl\/wp-json\/wp\/v2\/taxonomie-pro-osobnost?post=23474"}],"curies":[{"name":"wp","href":"https:\/\/api.w.org\/{rel}","templated":true}]}}

<div class="wp-block-media-text is-stacked-on-mobile"><figure class="wp-block-media-text__media"><img loading="lazy" decoding="async" width="960" height="800" src="https://new.prim-hodinky.cz/wp-content/uploads/2024/11/KRPEC-PETR-1.webp" alt="" class="wp-image-17736 size-full" srcset="https://new.prim-hodinky.cz/wp-content/uploads/2024/11/KRPEC-PETR-1.webp 960w, https://new.prim-hodinky.cz/wp-content/uploads/2024/11/KRPEC-PETR-1-300x250.webp 300w, https://new.prim-hodinky.cz/wp-content/uploads/2024/11/KRPEC-PETR-1-768x640.webp 768w" sizes="auto, (max-width: 960px) 100vw, 960px" /></figure><div class="wp-block-media-text__content">
<p>Walaszski Browar w Kozlovicach został założony w roku 2008. Pan Petr pracuje tu od 2012 roku. </p>



<p>W 2015 roku jego receptura piwa o nazwie TURYSTA osiągnęła w konkurencji ponad 200 próbek 1 miejsce w kategorii 10 ° piwa. Ambasador zegarków PRIM Šedesátky powiedział nam: „<em>Lubię nosić zegarki PRIM, które są bardzo wytrzymałe zarówno w pracy jak i życiu osobistym.</em>”  </p>
</div></div>
