{"id":23468,"date":"2024-11-22T22:49:44","date_gmt":"2024-11-22T21:49:44","guid":{"rendered":"https:\/\/new.prim-hodinky.cz\/osobnost\/jarmila-krpcova\/"},"modified":"2025-01-16T10:37:31","modified_gmt":"2025-01-16T09:37:31","slug":"jarmila-krpcova","status":"publish","type":"osobnost","link":"https:\/\/new.prim-hodinky.cz\/pl\/osobnost\/jarmila-krpcova\/","title":{"rendered":"Jarmila Krpcov\u00e1"},"content":{"rendered":"\n<div class=\"wp-block-media-text is-stacked-on-mobile\"><figure class=\"wp-block-media-text__media\"><img loading=\"lazy\" decoding=\"async\" width=\"960\" height=\"800\" src=\"https:\/\/new.prim-hodinky.cz\/wp-content\/uploads\/2024\/11\/KRPCOVA-JARMILA3.webp\" alt=\"\" class=\"wp-image-17841 size-full\" srcset=\"https:\/\/new.prim-hodinky.cz\/wp-content\/uploads\/2024\/11\/KRPCOVA-JARMILA3.webp 960w, https:\/\/new.prim-hodinky.cz\/wp-content\/uploads\/2024\/11\/KRPCOVA-JARMILA3-300x250.webp 300w, https:\/\/new.prim-hodinky.cz\/wp-content\/uploads\/2024\/11\/KRPCOVA-JARMILA3-768x640.webp 768w\" sizes=\"auto, (max-width: 960px) 100vw, 960px\" \/><\/figure><div class=\"wp-block-media-text__content\">\n<p>Jako producent zegark\u00f3w wiemy, jak wa\u017cne jest aby by\u0107 wsz\u0119dzie na czas. Jeste\u015bmy zachwyceni, \u017ce nasz\u0105 ambasadork\u0105 zgodzi\u0142a si\u0119 by\u0107 Pani Krpcov\u00e1. W swojej pracy docenia punktualno\u015b\u0107 swoich uczni\u00f3w. <\/p>\n\n\n\n<p>Profesjonalny nauczyciel \u2013 cukiernik.<em> \u201eM\u00f3j zaw\u00f3d sta\u0142 si\u0119 dla mnie hobby, a ja lubi\u0119 uczy\u0107 swoich m\u0142odych uczni\u00f3w nowych receptur. Lubi\u0119 zegarki Prim i jestem z nich zadowolona.\u201d <\/em><\/p>\n\n\n\n<p>#hodinkyprovsechny<\/p>\n<\/div><\/div>\n","protected":false},"featured_media":0,"template":"","meta":{"_acf_changed":false},"taxonomie-pro-osobnost":[61],"class_list":["post-23468","osobnost","type-osobnost","status-publish","hentry","taxonomie-pro-osobnost-ambasador"],"acf":[],"_links":{"self":[{"href":"https:\/\/new.prim-hodinky.cz\/pl\/wp-json\/wp\/v2\/osobnost\/23468","targetHints":{"allow":["GET"]}}],"collection":[{"href":"https:\/\/new.prim-hodinky.cz\/pl\/wp-json\/wp\/v2\/osobnost"}],"about":[{"href":"https:\/\/new.prim-hodinky.cz\/pl\/wp-json\/wp\/v2\/types\/osobnost"}],"wp:attachment":[{"href":"https:\/\/new.prim-hodinky.cz\/pl\/wp-json\/wp\/v2\/media?parent=23468"}],"wp:term":[{"taxonomy":"taxonomie-pro-osobnost","embeddable":true,"href":"https:\/\/new.prim-hodinky.cz\/pl\/wp-json\/wp\/v2\/taxonomie-pro-osobnost?post=23468"}],"curies":[{"name":"wp","href":"https:\/\/api.w.org\/{rel}","templated":true}]}}

Jarmila Krpcová

<div class="wp-block-media-text is-stacked-on-mobile"><figure class="wp-block-media-text__media"><img loading="lazy" decoding="async" width="960" height="800" src="https://new.prim-hodinky.cz/wp-content/uploads/2024/11/KRPCOVA-JARMILA3.webp" alt="" class="wp-image-17841 size-full" srcset="https://new.prim-hodinky.cz/wp-content/uploads/2024/11/KRPCOVA-JARMILA3.webp 960w, https://new.prim-hodinky.cz/wp-content/uploads/2024/11/KRPCOVA-JARMILA3-300x250.webp 300w, https://new.prim-hodinky.cz/wp-content/uploads/2024/11/KRPCOVA-JARMILA3-768x640.webp 768w" sizes="auto, (max-width: 960px) 100vw, 960px" /></figure><div class="wp-block-media-text__content">
<p>Jako producent zegarków wiemy, jak ważne jest aby być wszędzie na czas. Jesteśmy zachwyceni, że naszą ambasadorką zgodziła się być Pani Krpcová. W swojej pracy docenia punktualność swoich uczniów. </p>



<p>Profesjonalny nauczyciel – cukiernik.<em> „Mój zawód stał się dla mnie hobby, a ja lubię uczyć swoich młodych uczniów nowych receptur. Lubię zegarki Prim i jestem z nich zadowolona.” </em></p>



<p>#hodinkyprovsechny</p>
</div></div>
