{"id":23466,"date":"2024-11-22T22:51:50","date_gmt":"2024-11-22T21:51:50","guid":{"rendered":"https:\/\/new.prim-hodinky.cz\/osobnost\/libor-uher\/"},"modified":"2025-01-27T08:53:18","modified_gmt":"2025-01-27T07:53:18","slug":"libor-uher","status":"publish","type":"osobnost","link":"https:\/\/new.prim-hodinky.cz\/pl\/osobnost\/libor-uher\/","title":{"rendered":"Libor Uher"},"content":{"rendered":"\n<div class=\"wp-block-media-text is-stacked-on-mobile\"><figure class=\"wp-block-media-text__media\"><img loading=\"lazy\" decoding=\"async\" width=\"960\" height=\"800\" src=\"https:\/\/new.prim-hodinky.cz\/wp-content\/uploads\/2024\/11\/Libor-Uher.webp\" alt=\"\" class=\"wp-image-17781 size-full\" srcset=\"https:\/\/new.prim-hodinky.cz\/wp-content\/uploads\/2024\/11\/Libor-Uher.webp 960w, https:\/\/new.prim-hodinky.cz\/wp-content\/uploads\/2024\/11\/Libor-Uher-300x250.webp 300w, https:\/\/new.prim-hodinky.cz\/wp-content\/uploads\/2024\/11\/Libor-Uher-768x640.webp 768w\" sizes=\"auto, (max-width: 960px) 100vw, 960px\" \/><\/figure><div class=\"wp-block-media-text__content\">\n<p>Kolejnym naszym ambasadorem zegark\u00f3w jest znany czeski alpinista Libor Uher.<\/p>\n\n\n\n<p>Dnia 20 lipca 2007 r. o godz. 13.45 jako drugi Czech w historii wszed\u0142 na szczyt K2-drug\u0105 najwy\u017csz\u0105 g\u00f3r\u0119 \u015bwiata. 7. zdoby\u0142 Broad Peak i sta\u0142 si\u0119 pierwszym czeskim alpinist\u0105, kt\u00f3ry zdoby\u0142 wszystkie 4 szczyty g\u00f3r Karakorum.<\/p>\n\n\n\n<p>Jego najwi\u0119kszym hobby s\u0105 sporty ekstremalne. Jest cz\u0142onkiem reprezentacyjnego zespo\u0142u <em>Tilak\/Opavanet v Adventurerace<\/em> i mistrzem Czech w wy\u015bcigu <em>Jesenick\u00fd Tvrd\u00e1k<\/em>. <\/p>\n\n\n\n<p>Libor jest ambasadorem <strong>PRIM Sport 300 M<\/strong>, model ten jest przeznaczony dla sportowc\u00f3w. Zegarek by\u0142 testowane w trudnych warunkach na <strong>sz\u00f3stej najwy\u017cszej g\u00f3rze \u015bwiata Cho Oyu<\/strong> (8201 n.p.m.). <\/p>\n\n\n\n<p>\u201c<em>Zegarek nosz\u0119 ca\u0142y czas, podczas wypraw r\u00f3wnie\u017c i mog\u0119 poleci\u0107 go ka\u017cdemu<\/em>\u201d<\/p>\n<\/div><\/div>\n","protected":false},"featured_media":0,"template":"","meta":{"_acf_changed":false},"taxonomie-pro-osobnost":[61],"class_list":["post-23466","osobnost","type-osobnost","status-publish","hentry","taxonomie-pro-osobnost-ambasador"],"acf":[],"_links":{"self":[{"href":"https:\/\/new.prim-hodinky.cz\/pl\/wp-json\/wp\/v2\/osobnost\/23466","targetHints":{"allow":["GET"]}}],"collection":[{"href":"https:\/\/new.prim-hodinky.cz\/pl\/wp-json\/wp\/v2\/osobnost"}],"about":[{"href":"https:\/\/new.prim-hodinky.cz\/pl\/wp-json\/wp\/v2\/types\/osobnost"}],"wp:attachment":[{"href":"https:\/\/new.prim-hodinky.cz\/pl\/wp-json\/wp\/v2\/media?parent=23466"}],"wp:term":[{"taxonomy":"taxonomie-pro-osobnost","embeddable":true,"href":"https:\/\/new.prim-hodinky.cz\/pl\/wp-json\/wp\/v2\/taxonomie-pro-osobnost?post=23466"}],"curies":[{"name":"wp","href":"https:\/\/api.w.org\/{rel}","templated":true}]}}

<div class="wp-block-media-text is-stacked-on-mobile"><figure class="wp-block-media-text__media"><img loading="lazy" decoding="async" width="960" height="800" src="https://new.prim-hodinky.cz/wp-content/uploads/2024/11/Libor-Uher.webp" alt="" class="wp-image-17781 size-full" srcset="https://new.prim-hodinky.cz/wp-content/uploads/2024/11/Libor-Uher.webp 960w, https://new.prim-hodinky.cz/wp-content/uploads/2024/11/Libor-Uher-300x250.webp 300w, https://new.prim-hodinky.cz/wp-content/uploads/2024/11/Libor-Uher-768x640.webp 768w" sizes="auto, (max-width: 960px) 100vw, 960px" /></figure><div class="wp-block-media-text__content">
<p>Kolejnym naszym ambasadorem zegarków jest znany czeski alpinista Libor Uher.</p>



<p>Dnia 20 lipca 2007 r. o godz. 13.45 jako drugi Czech w historii wszedł na szczyt K2-drugą najwyższą górę świata. 7. zdobył Broad Peak i stał się pierwszym czeskim alpinistą, który zdobył wszystkie 4 szczyty gór Karakorum.</p>



<p>Jego największym hobby są sporty ekstremalne. Jest członkiem reprezentacyjnego zespołu <em>Tilak/Opavanet v Adventurerace</em> i mistrzem Czech w wyścigu <em>Jesenický Tvrdák</em>. </p>



<p>Libor jest ambasadorem <strong>PRIM Sport 300 M</strong>, model ten jest przeznaczony dla sportowców. Zegarek był testowane w trudnych warunkach na <strong>szóstej najwyższej górze świata Cho Oyu</strong> (8201 n.p.m.). </p>



<p>“<em>Zegarek noszę cały czas, podczas wypraw również i mogę polecić go każdemu</em>”</p>
</div></div>
