{"id":23462,"date":"2024-11-22T22:55:15","date_gmt":"2024-11-22T21:55:15","guid":{"rendered":"https:\/\/new.prim-hodinky.cz\/osobnost\/tomas-vratny\/"},"modified":"2025-01-27T08:47:59","modified_gmt":"2025-01-27T07:47:59","slug":"tomas-vratny","status":"publish","type":"osobnost","link":"https:\/\/new.prim-hodinky.cz\/pl\/osobnost\/tomas-vratny\/","title":{"rendered":"Tom\u00e1\u0161 Vr\u00e1tn\u00fd"},"content":{"rendered":"\n<div class=\"wp-block-media-text is-stacked-on-mobile\"><figure class=\"wp-block-media-text__media\"><img loading=\"lazy\" decoding=\"async\" width=\"960\" height=\"800\" src=\"https:\/\/new.prim-hodinky.cz\/wp-content\/uploads\/2024\/11\/VRATNY-1.webp\" alt=\"\" class=\"wp-image-18046 size-full\" srcset=\"https:\/\/new.prim-hodinky.cz\/wp-content\/uploads\/2024\/11\/VRATNY-1.webp 960w, https:\/\/new.prim-hodinky.cz\/wp-content\/uploads\/2024\/11\/VRATNY-1-300x250.webp 300w, https:\/\/new.prim-hodinky.cz\/wp-content\/uploads\/2024\/11\/VRATNY-1-768x640.webp 768w\" sizes=\"auto, (max-width: 960px) 100vw, 960px\" \/><\/figure><div class=\"wp-block-media-text__content\">\n<p>Czeski zawodnik samochodowy, trzykrotny uczestnik Rallye Dakar, szef zespo\u0142u Bonver Dakar Project.<\/p>\n\n\n\n<p><em>[\u201eJe to pro m\u011b \u010dest, st\u00e1t se ambasadorem t\u011bchto hodinek a reprezentovat tak v\u011bhlasnou \u010deskou zna\u010dku, jakou je PRIM,\u201d <\/em>p\u0159iznal \u0161\u00e9f t\u00fdmu Bonver Dakar Project Tom\u00e1\u0161 Vr\u00e1tn\u00fd. <em>\u201eJsem r\u00e1d za ka\u017ed\u00e9ho \u010desk\u00e9ho partnera, ale partnerstv\u00ed se spole\u010dnost\u00ed MPM-Quality, kter\u00e1 hodinky vyr\u00e1b\u00ed, si obzvl\u00e1\u0161\u0165 v\u00e1\u017e\u00edm, proto\u017ee se jedn\u00e1 o partnera, kter\u00fd hodinky dlouhodob\u011b navrhuje, kompletuje a testuje v \u010cesk\u00e9 republice a je dr\u017eitelem certifik\u00e1tu kvality Czech Made.\u201d]<\/em><\/p>\n<\/div><\/div>\n","protected":false},"featured_media":0,"template":"","meta":{"_acf_changed":false},"taxonomie-pro-osobnost":[61],"class_list":["post-23462","osobnost","type-osobnost","status-publish","hentry","taxonomie-pro-osobnost-ambasador"],"acf":[],"_links":{"self":[{"href":"https:\/\/new.prim-hodinky.cz\/pl\/wp-json\/wp\/v2\/osobnost\/23462","targetHints":{"allow":["GET"]}}],"collection":[{"href":"https:\/\/new.prim-hodinky.cz\/pl\/wp-json\/wp\/v2\/osobnost"}],"about":[{"href":"https:\/\/new.prim-hodinky.cz\/pl\/wp-json\/wp\/v2\/types\/osobnost"}],"wp:attachment":[{"href":"https:\/\/new.prim-hodinky.cz\/pl\/wp-json\/wp\/v2\/media?parent=23462"}],"wp:term":[{"taxonomy":"taxonomie-pro-osobnost","embeddable":true,"href":"https:\/\/new.prim-hodinky.cz\/pl\/wp-json\/wp\/v2\/taxonomie-pro-osobnost?post=23462"}],"curies":[{"name":"wp","href":"https:\/\/api.w.org\/{rel}","templated":true}]}}

Tomáš Vrátný

<div class="wp-block-media-text is-stacked-on-mobile"><figure class="wp-block-media-text__media"><img loading="lazy" decoding="async" width="960" height="800" src="https://new.prim-hodinky.cz/wp-content/uploads/2024/11/VRATNY-1.webp" alt="" class="wp-image-18046 size-full" srcset="https://new.prim-hodinky.cz/wp-content/uploads/2024/11/VRATNY-1.webp 960w, https://new.prim-hodinky.cz/wp-content/uploads/2024/11/VRATNY-1-300x250.webp 300w, https://new.prim-hodinky.cz/wp-content/uploads/2024/11/VRATNY-1-768x640.webp 768w" sizes="auto, (max-width: 960px) 100vw, 960px" /></figure><div class="wp-block-media-text__content">
<p>Czeski zawodnik samochodowy, trzykrotny uczestnik Rallye Dakar, szef zespołu Bonver Dakar Project.</p>



<p><em>[„Je to pro mě čest, stát se ambasadorem těchto hodinek a reprezentovat tak věhlasnou českou značku, jakou je PRIM,” </em>přiznal šéf týmu Bonver Dakar Project Tomáš Vrátný. <em>„Jsem rád za každého českého partnera, ale partnerství se společností MPM-Quality, která hodinky vyrábí, si obzvlášť vážím, protože se jedná o partnera, který hodinky dlouhodobě navrhuje, kompletuje a testuje v České republice a je držitelem certifikátu kvality Czech Made.”]</em></p>
</div></div>
