{"id":25967,"date":"2025-01-23T08:57:38","date_gmt":"2025-01-23T07:57:38","guid":{"rendered":"https:\/\/new.prim-hodinky.cz\/?post_type=aktualita&#038;p=25967"},"modified":"2025-01-23T08:59:21","modified_gmt":"2025-01-23T07:59:21","slug":"danova-kobra-nosi-hodinky-prim","status":"publish","type":"aktualita","link":"https:\/\/new.prim-hodinky.cz\/hu\/aktualita\/danova-kobra-nosi-hodinky-prim\/","title":{"rendered":"Da\u0148ov\u00e1 kobra nos\u00ed hodinky PRIM"},"content":{"rendered":"\n<p>Bav\u00ed n\u00e1s p\u0159etv\u00e1\u0159et Va\u0161e p\u0159edstavy ve skute\u010dnost. Vytv\u00e1\u0159et hodinky na m\u00edru, kter\u00e9 nejsou jen ukazatelem \u010dasu, ale i symbolem originality a hrdosti, je na\u0161e v\u00e1\u0161e\u0148. Ka\u017ed\u00fd projekt je pro n\u00e1s v\u00fdjime\u010dn\u00fd \u2013 a pr\u00e1v\u011b takov\u00e9 spolupr\u00e1ce, kde vznikaj\u00ed&nbsp;unik\u00e1tn\u00ed kousky s hlubok\u00fdm p\u0159\u00edb\u011bhem, n\u00e1s inspiruj\u00ed nejv\u00edce.&nbsp;R\u00e1di vytv\u00e1\u0159\u00edme hodinky pro konkr\u00e9tn\u00ed t\u00fdmy, firmy \u010di z\u00e1kazn\u00edky, kte\u0159\u00ed pak nos\u00ed sv\u00e9 origin\u00e1ln\u00ed kousky, je to pro n\u00e1s nejen v\u00fdzva, ale i radost.<\/p>\n\n\n\n<p>Pro t\u00fdm Da\u0148ov\u00e9 kobry jsme p\u0159ipravili exkluzivn\u00ed limitovanou edici 100 kus\u016f hodinek Da\u0148ov\u00e1 kobra, kter\u00e9 jsou dostupn\u00e9 v p\u00e1nsk\u00e9 i d\u00e1msk\u00e9 variant\u011b. Prvn\u00ed kusy t\u00e9to edice jsme p\u0159edali 23. prosince 2024, \u010d\u00edm\u017e jsme stihli zp\u0159\u00edjemnit v\u00e1no\u010dn\u00ed \u010das t\u011bm, kte\u0159\u00ed denn\u011b p\u0159isp\u00edvaj\u00ed k pln\u011bn\u00ed n\u00e1ro\u010dn\u00fdch \u00fakol\u016f a jsou sou\u010d\u00e1sti t\u00fdmu Da\u0148ov\u00e1 kobra.<\/p>\n\n\n\n<p>V PRIM v\u011b\u0159\u00edme, \u017ee hodinky na m\u00edru jsou v\u00edc ne\u017e jen \u010dasom\u00edra \u2013 jsou osobn\u00edm p\u0159\u00edb\u011bhem na z\u00e1p\u011bst\u00ed.<\/p>\n\n\n\n<figure class=\"wp-block-gallery has-nested-images columns-default is-cropped wp-block-gallery-1 is-layout-flex wp-block-gallery-is-layout-flex\">\n<figure class=\"wp-block-image size-large\"><img loading=\"lazy\" decoding=\"async\" width=\"1000\" height=\"1000\" data-id=\"25969\" src=\"https:\/\/new.prim-hodinky.cz\/wp-content\/uploads\/2025\/01\/IMG-20241223-WA0005_1000x1000.webp\" alt=\"\" class=\"wp-image-25969\" srcset=\"https:\/\/new.prim-hodinky.cz\/wp-content\/uploads\/2025\/01\/IMG-20241223-WA0005_1000x1000.webp 1000w, https:\/\/new.prim-hodinky.cz\/wp-content\/uploads\/2025\/01\/IMG-20241223-WA0005_1000x1000-300x300.webp 300w, https:\/\/new.prim-hodinky.cz\/wp-content\/uploads\/2025\/01\/IMG-20241223-WA0005_1000x1000-150x150.webp 150w, https:\/\/new.prim-hodinky.cz\/wp-content\/uploads\/2025\/01\/IMG-20241223-WA0005_1000x1000-768x768.webp 768w\" sizes=\"auto, (max-width: 1000px) 100vw, 1000px\" \/><\/figure>\n\n\n\n<figure class=\"wp-block-image size-large\"><img loading=\"lazy\" decoding=\"async\" width=\"1000\" height=\"1000\" data-id=\"25970\" src=\"https:\/\/new.prim-hodinky.cz\/wp-content\/uploads\/2025\/01\/IMG-20241223-WA0006_1000x1000.webp\" alt=\"\" class=\"wp-image-25970\" srcset=\"https:\/\/new.prim-hodinky.cz\/wp-content\/uploads\/2025\/01\/IMG-20241223-WA0006_1000x1000.webp 1000w, https:\/\/new.prim-hodinky.cz\/wp-content\/uploads\/2025\/01\/IMG-20241223-WA0006_1000x1000-300x300.webp 300w, https:\/\/new.prim-hodinky.cz\/wp-content\/uploads\/2025\/01\/IMG-20241223-WA0006_1000x1000-150x150.webp 150w, https:\/\/new.prim-hodinky.cz\/wp-content\/uploads\/2025\/01\/IMG-20241223-WA0006_1000x1000-768x768.webp 768w\" sizes=\"auto, (max-width: 1000px) 100vw, 1000px\" \/><\/figure>\n<\/figure>\n","protected":false},"featured_media":0,"template":"","meta":{"_acf_changed":true},"class_list":["post-25967","aktualita","type-aktualita","status-publish","hentry"],"acf":[],"_links":{"self":[{"href":"https:\/\/new.prim-hodinky.cz\/hu\/wp-json\/wp\/v2\/aktualita\/25967","targetHints":{"allow":["GET"]}}],"collection":[{"href":"https:\/\/new.prim-hodinky.cz\/hu\/wp-json\/wp\/v2\/aktualita"}],"about":[{"href":"https:\/\/new.prim-hodinky.cz\/hu\/wp-json\/wp\/v2\/types\/aktualita"}],"wp:attachment":[{"href":"https:\/\/new.prim-hodinky.cz\/hu\/wp-json\/wp\/v2\/media?parent=25967"}],"curies":[{"name":"wp","href":"https:\/\/api.w.org\/{rel}","templated":true}]}}

Daňová kobra nosí hodinky PRIM

<p>Baví nás přetvářet Vaše představy ve skutečnost. Vytvářet hodinky na míru, které nejsou jen ukazatelem času, ale i symbolem originality a hrdosti, je naše vášeň. Každý projekt je pro nás výjimečný – a právě takové spolupráce, kde vznikají&nbsp;unikátní kousky s hlubokým příběhem, nás inspirují nejvíce.&nbsp;Rádi vytváříme hodinky pro konkrétní týmy, firmy či zákazníky, kteří pak nosí své originální kousky, je to pro nás nejen výzva, ale i radost.</p>



<p>Pro tým Daňové kobry jsme připravili exkluzivní limitovanou edici 100 kusů hodinek Daňová kobra, které jsou dostupné v pánské i dámské variantě. První kusy této edice jsme předali 23. prosince 2024, čímž jsme stihli zpříjemnit vánoční čas těm, kteří denně přispívají k plnění náročných úkolů a jsou součásti týmu Daňová kobra.</p>



<p>V PRIM věříme, že hodinky na míru jsou víc než jen časomíra – jsou osobním příběhem na zápěstí.</p>



<figure class="wp-block-gallery has-nested-images columns-default is-cropped wp-block-gallery-1 is-layout-flex wp-block-gallery-is-layout-flex">
<figure class="wp-block-image size-large"><img loading="lazy" decoding="async" width="1000" height="1000" data-id="25969" src="https://new.prim-hodinky.cz/wp-content/uploads/2025/01/IMG-20241223-WA0005_1000x1000.webp" alt="" class="wp-image-25969" srcset="https://new.prim-hodinky.cz/wp-content/uploads/2025/01/IMG-20241223-WA0005_1000x1000.webp 1000w, https://new.prim-hodinky.cz/wp-content/uploads/2025/01/IMG-20241223-WA0005_1000x1000-300x300.webp 300w, https://new.prim-hodinky.cz/wp-content/uploads/2025/01/IMG-20241223-WA0005_1000x1000-150x150.webp 150w, https://new.prim-hodinky.cz/wp-content/uploads/2025/01/IMG-20241223-WA0005_1000x1000-768x768.webp 768w" sizes="auto, (max-width: 1000px) 100vw, 1000px" /></figure>



<figure class="wp-block-image size-large"><img loading="lazy" decoding="async" width="1000" height="1000" data-id="25970" src="https://new.prim-hodinky.cz/wp-content/uploads/2025/01/IMG-20241223-WA0006_1000x1000.webp" alt="" class="wp-image-25970" srcset="https://new.prim-hodinky.cz/wp-content/uploads/2025/01/IMG-20241223-WA0006_1000x1000.webp 1000w, https://new.prim-hodinky.cz/wp-content/uploads/2025/01/IMG-20241223-WA0006_1000x1000-300x300.webp 300w, https://new.prim-hodinky.cz/wp-content/uploads/2025/01/IMG-20241223-WA0006_1000x1000-150x150.webp 150w, https://new.prim-hodinky.cz/wp-content/uploads/2025/01/IMG-20241223-WA0006_1000x1000-768x768.webp 768w" sizes="auto, (max-width: 1000px) 100vw, 1000px" /></figure>
</figure>
