{"id":23487,"date":"2024-11-22T22:55:15","date_gmt":"2024-11-22T21:55:15","guid":{"rendered":"https:\/\/new.prim-hodinky.cz\/osobnost\/tomas-vratny\/"},"modified":"2025-01-27T08:47:59","modified_gmt":"2025-01-27T07:47:59","slug":"tomas-vratny","status":"publish","type":"osobnost","link":"https:\/\/new.prim-hodinky.cz\/en\/osobnost\/tomas-vratny\/","title":{"rendered":"Tom\u00e1\u0161 Vr\u00e1tn\u00fd"},"content":{"rendered":"\n<div class=\"wp-block-media-text is-stacked-on-mobile\"><figure class=\"wp-block-media-text__media\"><img loading=\"lazy\" decoding=\"async\" width=\"960\" height=\"800\" src=\"https:\/\/new.prim-hodinky.cz\/wp-content\/uploads\/2024\/11\/VRATNY-1.webp\" alt=\"\" class=\"wp-image-18046 size-full\" srcset=\"https:\/\/new.prim-hodinky.cz\/wp-content\/uploads\/2024\/11\/VRATNY-1.webp 960w, https:\/\/new.prim-hodinky.cz\/wp-content\/uploads\/2024\/11\/VRATNY-1-300x250.webp 300w, https:\/\/new.prim-hodinky.cz\/wp-content\/uploads\/2024\/11\/VRATNY-1-768x640.webp 768w\" sizes=\"auto, (max-width: 960px) 100vw, 960px\" \/><\/figure><div class=\"wp-block-media-text__content\">\n<p>Czech automotive racer, three-time Rallye Dakar participant in the truck category, Bonver Dakar Project team leader.<\/p>\n\n\n\n<p><em>\u201cIt is an honor for me to become an ambassador of these watches and to represent a renowned Czech brand such as PRIM,\u201d<\/em> said team leader Bonver Dakar Project Tomas Vratny. <em>\u201cI am happy for every Czech partner but I especially appreciate the partnership with MPM-Quality. MPM is a partner who has long been designing, assembling and testing watches in the Czech Republic and holding a Czech Made quality certificate.\u201d<\/em><\/p>\n<\/div><\/div>\n","protected":false},"featured_media":0,"template":"","meta":{"_acf_changed":false},"taxonomie-pro-osobnost":[61],"class_list":["post-23487","osobnost","type-osobnost","status-publish","hentry","taxonomie-pro-osobnost-ambasador"],"acf":[],"_links":{"self":[{"href":"https:\/\/new.prim-hodinky.cz\/en\/wp-json\/wp\/v2\/osobnost\/23487","targetHints":{"allow":["GET"]}}],"collection":[{"href":"https:\/\/new.prim-hodinky.cz\/en\/wp-json\/wp\/v2\/osobnost"}],"about":[{"href":"https:\/\/new.prim-hodinky.cz\/en\/wp-json\/wp\/v2\/types\/osobnost"}],"wp:attachment":[{"href":"https:\/\/new.prim-hodinky.cz\/en\/wp-json\/wp\/v2\/media?parent=23487"}],"wp:term":[{"taxonomy":"taxonomie-pro-osobnost","embeddable":true,"href":"https:\/\/new.prim-hodinky.cz\/en\/wp-json\/wp\/v2\/taxonomie-pro-osobnost?post=23487"}],"curies":[{"name":"wp","href":"https:\/\/api.w.org\/{rel}","templated":true}]}}

Tomáš Vrátný
