{"id":25965,"date":"2025-01-23T08:49:02","date_gmt":"2025-01-23T07:49:02","guid":{"rendered":"https:\/\/new.prim-hodinky.cz\/?post_type=aktualita&#038;p=25965"},"modified":"2025-01-23T08:49:03","modified_gmt":"2025-01-23T07:49:03","slug":"prim-dakar-2025-hodinky-inspirovane-legendarni-rallye","status":"publish","type":"aktualita","link":"https:\/\/new.prim-hodinky.cz\/en\/aktualita\/prim-dakar-2025-hodinky-inspirovane-legendarni-rallye\/","title":{"rendered":"Prim Dakar 2025: Hodinky inspirovan\u00e9 legend\u00e1rn\u00ed rallye"},"content":{"rendered":"\n<p>Prim Dakar 2025: Hodinky inspirovan\u00e9 legend\u00e1rn\u00ed rallye<\/p>\n\n\n\n<p>D\u011bkujeme za d\u016fv\u011bru a spolupr\u00e1ci, d\u00edky kter\u00e9 m\u016f\u017eeme u\u017e n\u011bkolik let s hrdost\u00ed p\u0159ipravovat limitovan\u00e9 edice hodinek pro legend\u00e1rn\u00ed rallye Dakar. Nejnov\u011bj\u0161\u00ed model PRIM Dakar 2025 spojuje precizn\u00ed zpracov\u00e1n\u00ed, odolnost a design inspirovan\u00fd t\u00edmto nejn\u00e1ro\u010dn\u011bj\u0161\u00edm z\u00e1vodem sv\u011bta.<\/p>\n\n\n\n<p>O \u00fasp\u011bchu edice sv\u011bd\u010d\u00ed i rekordn\u00ed z\u00e1jem \u2013 za pouh\u00e9 4 dny zb\u00fdvaj\u00ed na sklad\u011b posledn\u00ed 3 kusy!<\/p>\n\n\n\n<p>Zjist\u011bte v\u00edce o t\u00e9to jedine\u010dn\u00e9 edici&nbsp;<a href=\"https:\/\/auto-mania.cz\/prim-opet-predstavil-limitovanou-edici-hodinek-pro-rallye-dakar-prim-dakar-2025\/\" target=\"_blank\" rel=\"noreferrer noopener\">zde<\/a>.<\/p>\n\n\n\n<p>D\u011bkujeme, \u017ee spole\u010dn\u011b s n\u00e1mi p\u00ed\u0161ete p\u0159\u00edb\u011bh Dakaru!<\/p>\n\n\n\n<p><\/p>\n","protected":false},"featured_media":0,"template":"","meta":{"_acf_changed":true},"class_list":["post-25965","aktualita","type-aktualita","status-publish","hentry"],"acf":[],"_links":{"self":[{"href":"https:\/\/new.prim-hodinky.cz\/en\/wp-json\/wp\/v2\/aktualita\/25965","targetHints":{"allow":["GET"]}}],"collection":[{"href":"https:\/\/new.prim-hodinky.cz\/en\/wp-json\/wp\/v2\/aktualita"}],"about":[{"href":"https:\/\/new.prim-hodinky.cz\/en\/wp-json\/wp\/v2\/types\/aktualita"}],"wp:attachment":[{"href":"https:\/\/new.prim-hodinky.cz\/en\/wp-json\/wp\/v2\/media?parent=25965"}],"curies":[{"name":"wp","href":"https:\/\/api.w.org\/{rel}","templated":true}]}}

Prim Dakar 2025: Hodinky inspirované legendární rallye

<p>Prim Dakar 2025: Hodinky inspirované legendární rallye</p>



<p>Děkujeme za důvěru a spolupráci, díky které můžeme už několik let s hrdostí připravovat limitované edice hodinek pro legendární rallye Dakar. Nejnovější model PRIM Dakar 2025 spojuje precizní zpracování, odolnost a design inspirovaný tímto nejnáročnějším závodem světa.</p>



<p>O úspěchu edice svědčí i rekordní zájem – za pouhé 4 dny zbývají na skladě poslední 3 kusy!</p>



<p>Zjistěte více o této jedinečné edici&nbsp;<a href="https://auto-mania.cz/prim-opet-predstavil-limitovanou-edici-hodinek-pro-rallye-dakar-prim-dakar-2025/" target="_blank" rel="noreferrer noopener">zde</a>.</p>



<p>Děkujeme, že společně s námi píšete příběh Dakaru!</p>



<p></p>
